s the remainder when d is divided by w(3)?
17
Calculate the remainder when 587 is divided by ((-30)/3)/((1 + (-280)/276)*6).
12
Let t be -81*(-5 + (-34)/(-6)). Let w = 70 + t. What is the remainder when 157 is divided by w?
13
Let n = 119 + -56. Let x = n + -61. Suppose -x*p - 4 + 10 = 0. Calculate the remainder when 4 is divided by p.
1
Suppose 0 = 5*q - 3*m - 355, 2*m = 5*q - 2*m - 355. Let u be (-2 - -4)*q/2. Let f = u - 48. Calculate the remainder when 91 is divided by f.
22
Suppose -2*u = 2*u + 12, 4*u = -4*r + 84. What is the remainder when (r/(-9))/((-6)/9) is divided by ((-5)/(-25) - 1)/(1 + 21/(-15))?
0
Let h(s) = -51*s**3 - 5*s**2 - 12*s - 8. What is the remainder when h(-3) is divided by 13?
8
Suppose 16 = 4*c - 2*r, 4*r = -5*c - r - 10. Suppose -7 = c*q - 3. Let y(x) = -x**3 + x**2 + 4*x + 3. Calculate the remainder when 41 is divided by y(q).
6
Let w(f) = 7*f**2 + 30*f + 109. What is the remainder when w(-10) is divided by 32?
29
Suppose -2*j + t + 99 = 0, 5*j + t - 231 = 6. Calculate the remainder when j is divided by 13.
9
Let t = 7314 - 6691. Calculate the remainder when t is divided by 29.
14
Suppose -55 = -m + x, 5*m + 2*x = -962 + 1230. Calculate the remainder when 199 is divided by m.
37
Let t = -454 - -227. Let z = t + 235. Calculate the remainder when 110 is divided by z.
6
Let h(d) = -d**2 - 16*d - 23. Let p be h(-14). Suppose -5*k + 745 = -5*y, 4*y + 149 = p*k - 4*k. Calculate the remainder when k is divided by 25.
24
Suppose 50*m - 52*m - 5*u + 129 = 0, 0 = 2*u + 18. Calculate the remainder when m is divided by 38 + -1 + -2 - 2.
21
Suppose -4*v + 3*x + 54 = 0, 182*x - 179*x + 66 = 5*v. What is the remainder when 3107 is divided by v?
11
Suppose 1027 = 3*j + 10*j. Let i = 1148 - 1139. Calculate the remainder when j is divided by i.
7
Suppose -2*c = 2*r - 86, 4*c = -c - 10. Let w(h) = -50*h - 143. Let p be w(-5). Suppose 75*g - p*g + 4288 = 0. Calculate the remainder when g is divided by r.
44
Suppose 13*m - 110*m + 1814 + 4103 = 0. Suppose 9*b - 15 = 4*b. Calculate the remainder when m is divided by b.
1
Let y(q) = -365*q + 1956. Calculate the remainder when 402 is divided by y(5).
9
What is the remainder when 130 is divided by (-6 - -4)/(-7 + 6 - (-55)/57)?
16
Let v be (2 - (4 + -6)) + 0 + 312. Suppose -15*g + 1246 - v = 0. What is the remainder when g is divided by 16?
14
Let h be -2 + 8 + -15 + 25. Suppose -9 = -25*x + h. Calculate the remainder when x is divided by ((-1)/(0 + -1))/1.
0
Let l(s) = -29*s - 14. Let d be l(-7). Let f be (-2)/5 + d/35. Suppose -2*w - 69 = -f*w. What is the remainder when w is divided by 5?
3
Let g(w) = 193*w**3 + 86*w**2 + 7*w - 4. Calculate the remainder when g(3) is divided by 14.
10
What is the remainder when -2 + -8 + (-2124 - -9)/(-5) is divided by 83?
81
Suppose 5*n = -2*m + 9, 3*m = 6*m + 2*n - 19. Suppose -5*l + 218 - 208 = 0. What is the remainder when m is divided by ((-32)/(-18) - l)*3*-3?
1
Let k(r) = r**2 - 162*r + 6487. What is the remainder when 184 is divided by k(91)?
2
Let u be 26*1*((-5)/2)/(-5). Let p = u + -42. Let c = p - -49. Calculate the remainder when 37 is divided by c.
17
Let x(c) = -4*c**2 - 13*c + 28. Let a(u) = -4*u**2 - 12*u + 25. Let d(q) = -5*a(q) + 4*x(q). What is the remainder when d(-4) is divided by 6?
1
Let d(m) = -2*m**3 - 19*m**2 + 35*m - 95. Calculate the remainder when d(-15) is divided by 29.
28
Let l be 81/36 + 1/(-4). Suppose j = -2*z - 3*z + 61, 5*j = -l*z + 374. What is the remainder when j is divided by (-12)/(-30) - (-128)/10*2?
24
What is the remainder when (1190032/22)/8 + (-7)/((-539)/(-42)) is divided by 23?
22
Suppose -4*i - 647 = -4*v + i, 0 = -3*v - 3*i + 492. What is the remainder when v is divided by 5?
3
Let b(n) = -27*n**3 + n**2 - 157*n - 629. Calculate the remainder when b(-4) is divided by 146.
137
Let f(b) = b**2 - 9*b + 3. Let w be f(9). Suppose 6*y - 5*y = -c - 1, -4*y - 11 = -w*c. What is the remainder when 81 - y - 21/(-7) is divided by 29?
28
Let a(k) = k**2 + 34*k + 13. Let y be a(-11). Let r = -211 - y. Calculate the remainder when 104 is divided by r.
17
Suppose -6*h + 654 = 3*r - 5*h, -4*r + 872 = 5*h. What is the remainder when 742 is divided by r?
88
Let y(c) = 2*c**2 + 14*c + 12. Let p be y(-9). Suppose -4*l = -2*b - 0*l + p, b + 4*l = -6. What is the remainder when 3546/99 - 11 - (-6)/33 is divided by b?
11
Let j = -11322 - -11339. What is the remainder when 1232 is divided by j?
8
Let j = -73 - -434. Suppose j*n + 63 = 368*n. Calculate the remainder when 35 is divided by n.
8
Suppose 541 = -78*z + 79*z + 28. Calculate the remainder when 1543 is divided by z.
4
Suppose 3*c + 161 = v + 69, v = -3*c + 50. Calculate the remainder when 302 is divided by v.
18
Let g(r) = 25*r + 1 + 42*r + 10. Let s be g(2). Let d = -18 + s. Calculate the remainder when d is divided by 26.
23
Let s be (-51)/(-6) + 21/(-14). Suppose 4*t - s = 13. Calculate the remainder when 40 is divided by (66/15)/(2/t).
7
Let v(d) = -d**3 + 10*d**2 - 15*d + 5. Let t be -10 + 13 - (5 - 1). Let q be t/(1*5/(-40)). Calculate the remainder when v(q) is divided by 5.
3
Suppose -29 - 21 = -5*k. Let z(s) = -s**2 + 6*s + 44. Let n be z(k). Suppose 7 = -n*p + 155. What is the remainder when p is divided by 11?
4
Let n = -39 + 397. Suppose 6345 = 70*g + 95*g - 24*g. Calculate the remainder when n is divided by g.
43
Let b = 189 - -5. Suppose b*t = 198*t - 552. Calculate the remainder when t is divided by 18.
12
Let f(u) = -378*u + 2655. Calculate the remainder when 112 is divided by f(7).
4
Let w(x) be the first derivative of -32 - 1/3*x**3 + 5*x - 21/2*x**2. What is the remainder when 82 is divided by w(-19)?
39
Let a = -240 + 441. Suppose a = 6*v + 9. What is the remainder when v is divided by 26?
6
Let c be 8*4/(-40) - 8/(-10). Suppose c = 8*m + 154 - 338. What is the remainder when 72 is divided by m?
3
Let w = -511 + 511. Suppose y - 612 - 314 = w. What is the remainder when y is divided by 29?
27
Let y(c) = 2*c**2 + 314*c - 1876. What is the remainder when 28397 is divided by y(6)?
77
Let t = 59 + -55. Suppose a = -2*y - t + 1, 5*a = -5*y. What is the remainder when 107 is divided by 3 + 136/((-12)/y)?
33
Suppose 0 = w - 6*w - 20, -3*w = 4*j - 268. Let c = -78 + j. Calculate the remainder when 19 is divided by c/8*(1 - 12).
8
Let l(q) = -q**3 + 8*q**2 + 9*q + 3. Let t be l(9). Suppose 0 = -2*i + 5*z + 589, 0 = i + t*z - 287 - 13. Calculate the remainder when i is divided by 20.
17
What is the remainder when 339 is divided by 1266/63 + 56/(-588)?
19
Let w = 530 - 513. Suppose 281 + 909 = w*m. What is the remainder when 205 is divided by m?
65
Suppose 0 = 2*b - 2*x + 12, 2*b - x + 40 = -6*x. Let o = b - -13. Suppose o*d - 5 = r, d + 41 - 6 = 4*r. What is the remainder when 18 is divided by r?
8
Let o(z) = -161*z - 7201. Calculate the remainder when 6554 is divided by o(-46).
199
Let w(y) = -y**2 + 9*y - 5. Let g be (-1)/((-6)/(8 - 4622)). Let x = -730 - g. What is the remainder when x is divided by w(7)?
3
Let n(q) = 1263*q + 6371. What is the remainder when 17973 is divided by n(-5)?
53
Suppose 5*c - 19 = -3*u, -2*u + u - 4*c + 11 = 0. Let n(z) = 5*z**u - 11 + z + 47*z**2 - 6*z**3 - 52*z**2. What is the remainder when 90 is divided by n(-6)?
14
Let k(v) = -314*v - 1822. What is the remainder when 404 is divided by k(-6)?
32
What is the remainder when ((-8)/(-16))/(-8 + (-3841)/(-480)) is divided by 35?
30
Calculate the remainder when (-13)/((-182)/105)*(1 - -1) is divided by (-1 - -2) + (-45)/(-9).
3
Suppose 144*b + 233*b - 52525 = 22498. Calculate the remainder when 620 is divided by b.
23
Let u = -27 + 38. Let v be 1*(3 + -14)*5. Let p = -17 - v. Calculate the remainder when p is divided by u.
5
Let t(o) = -13 + 123*o - 186*o + 95*o. Suppose -4*a + 15 = -9. Calculate the remainder when t(a) is divided by 36.
35
Suppose 5*s = 5*v + 20, 5*v - 4*v - 16 = -3*s. Suppose -2*o + n + 19 = 2, 0 = o + 4*n + s. Calculate the remainder when 31 is divided by o.
3
Let b = -2018 + 1426. Let g = b + 978. Suppose -334 = -5*d + g. Calculate the remainder when d is divided by 21.
18
Let d be ((-8)/10)/(8/(-20)). Let l(k) = 13*k**3 + 297*k**2 - 58*k - 264. Calculate the remainder when (15/2)/(d/12) is divided by l(-23).
9
Suppose 135*d - 13*d - 144570 = 0. What is t